 base 11, what is -8 - a?
-17
In base 15, what is -3 - -13?
10
In base 2, what is -1100011110 + -101?
-1100100011
In base 10, what is -99 + 4?
-95
In base 6, what is 34341 + -2?
34335
In base 6, what is 220 + -245?
-25
In base 7, what is -365 + -3?
-401
In base 11, what is -39 - 8?
-46
In base 14, what is 4 + 62?
66
In base 10, what is 3 - 21?
-18
In base 16, what is -19 + 98?
7f
In base 6, what is -110 - 1?
-111
In base 3, what is 1212 + 1?
1220
In base 7, what is -5 - -24?
16
In base 12, what is -16 - -72?
58
In base 15, what is -3 + -1aa5?
-1aa8
In base 14, what is 0 - -16?
16
In base 3, what is 2 + 1002010?
1002012
In base 11, what is -15a - -4?
-156
In base 9, what is 304 + -1?
303
In base 15, what is 3 + 4?
7
In base 13, what is 13 - 86?
-73
In base 10, what is 3872 + -1?
3871
In base 8, what is 3 - 111?
-106
In base 14, what is -38c + 1?
-38b
In base 2, what is -1100000 - -100?
-1011100
In base 12, what is -248 + 4?
-244
In base 11, what is -1656 - 3?
-1659
In base 9, what is -8 + 14?
5
In base 11, what is 5 + 1a17?
1a21
In base 9, what is -5 + 402?
386
In base 8, what is -7 - -60?
51
In base 10, what is -12 + 299?
287
In base 8, what is 4 + -561?
-555
In base 14, what is 3 + 39?
3c
In base 2, what is 1000 + 110?
1110
In base 16, what is e8 - -4?
ec
In base 15, what is -19e - -3?
-19b
In base 7, what is -352 + 0?
-352
In base 9, what is 151 - -25?
176
In base 16, what is 5 - 429?
-424
In base 4, what is 2 - 11111?
-11103
In base 5, what is 123 - -1?
124
In base 7, what is -114 - -135?
21
In base 15, what is -143 + -5?
-148
In base 9, what is -4 - -266?
262
In base 6, what is 2530 + 5?
2535
In base 16, what is -2 + -9d?
-9f
In base 3, what is 201 - -102?
1010
In base 3, what is -10 - 112021?
-112101
In base 6, what is -10 - 110?
-120
In base 6, what is 3521 + -4?
3513
In base 14, what is -3830 - 1?
-3831
In base 2, what is -10110 - 110011?
-1001001
In base 12, what is 11 + 11?
22
In base 15, what is -10 - 9?
-19
In base 3, what is 12201202 + -2?
12201200
In base 11, what is -255 + 2?
-253
In base 9, what is 6222 + -5?
6216
In base 6, what is -33 + -14?
-51
In base 11, what is -145 - 21?
-166
In base 9, what is 111 - -1?
112
In base 6, what is -5 + 252?
243
In base 8, what is -3261 + 0?
-3261
In base 12, what is 3 - 3?
0
In base 10, what is -8 - 8?
-16
In base 6, what is -15 + -1343?
-1402
In base 3, what is 102211 + -102?
102102
In base 10, what is -7 + -83?
-90
In base 9, what is 0 + 35?
35
In base 11, what is -941 + 20?
-921
In base 5, what is -4 + -1041?
-1100
In base 13, what is -280 - -5?
-278
In base 11, what is -3706 - 2?
-3708
In base 15, what is 19 - -6?
20
In base 9, what is 240 + -5?
234
In base 2, what is 101 + 10001?
10110
In base 6, what is -5 + -2053?
-2102
In base 16, what is -14d + 1?
-14c
In base 8, what is 10 - 5?
3
In base 11, what is 16 + -2?
14
In base 4, what is 103 + 231?
1000
In base 16, what is -d2 + -a?
-dc
In base 6, what is 404 - 104?
300
In base 2, what is -1110001 - 101?
-1110110
In base 14, what is -27 - 2?
-29
In base 5, what is -1 + 141?
140
In base 15, what is a + -5?
5
In base 15, what is -1a + -e?
-29
In base 2, what is 1101010010 + -10?
1101010000
In base 12, what is -253a - 2?
-2540
In base 3, what is 10 - 10101?
-10021
In base 8, what is -132 - 4?
-136
In base 10, what is -5 + 2570?
2565
In base 4, what is 32210 - 10?
32200
In base 6, what is 4 - 11015?
-11011
In base 12, what is -5 + 116?
111
In base 8, what is 13430 + -4?
13424
In base 13, what is 0 + 237?
237
In base 8, what is -137 + -5?
-144
In base 11, what is -3 - -78?
75
In base 5, what is 10142 + 30?
10222
In base 11, what is -11 + 6a?
59
In base 3, what is -112001 + -10?
-112011
In base 15, what is 4 + -8?
-4
In base 6, what is 1124 + -2?
1122
In base 2, what is 1010111 + 1?
1011000
In base 7, what is -54 - -25?
-26
In base 10, what is -888 + 8?
-880
In base 6, what is 10051 + 20?
10111
In base 4, what is -2 - -2230?
2222
In base 16, what is d7 + 1?
d8
In base 13, what is -5 - -1a?
15
In base 4, what is -30 - -2230?
2200
In base 4, what is -321020 - 0?
-321020
In base 6, what is 340 - -4?
344
In base 5, what is -1 + -3234?
-3240
In base 5, what is -2 + -1?
-3
In base 7, what is -2 - -226?
224
In base 8, what is 30 - -42?
72
In base 13, what is -38 - 4?
-3c
In base 11, what is -296 + -3?
-299
In base 3, what is 200 - -11102?
12002
In base 15, what is e - 181?
-172
In base 6, what is -15 - 204?
-223
In base 10, what is 96 - 5?
91
In base 9, what is -6 - 461?
-467
In base 7, what is 206 + 1?
210
In base 3, what is -11 - -1210?
1122
In base 9, what is 2 - 121?
-118
In base 13, what is 63 + 25?
88
In base 12, what is 65 - -7?
70
In base 11, what is -11 - -3?
-9
In base 4, what is -303 + 0?
-303
In base 6, what is -425 - 21?
-450
In base 14, what is -11 - 34?
-45
In base 6, what is 22305 + -3?
22302
In base 6, what is -4 + -13231?
-13235
In base 8, what is 3 - -20?
23
In base 16, what is -4 + -214?
-218
In base 5, what is 1040 + -2?
1033
In base 4, what is -103 - 10030?
-10133
In base 13, what is 29b + -2?
299
In base 9, what is 2 + 1111?
1113
In base 11, what is 5 - -10?
15
In base 2, what is 1000111 + 11?
1001010
In base 10, what is -2841 + 1?
-2840
In base 8, what is 27555 + -3?
27552
In base 11, what is 4 + 18?
21
In base 16, what is -5 + -ae?
-b3
In base 11, what is 746 - -2?
748
In base 13, what is -110 + 3?
-10a
In base 8, what is 21 + -1?
20
In base 14, what is 1c + d?
2b
In base 6, what is -143452 + -3?
-143455
In base 11, what is -2 + 5a?
58
In base 10, what is 88 - 1?
87
In base 13, what is 47 - 56?
-c
In base 2, what is -1 + -111111?
-1000000
In base 6, what is -4420 - 0?
-4420
In base 2, what is 110010 + 100110?
1011000
In base 8, what is 10 + 243?
253
In base 15, what is -2b - 1?
-2c
In base 6, what is -44 + -133?
-221
In base 4, what is -1 + 32323?
32322
In base 10, what is -664 - -1?
-663
In base 6, what is 25 - 101?
-32
In base 16, what is 1 - -7?
8
In base 14, what is -b + -13?
-20
In base 2, what is -1011 + 1101110100?
1101101001
In base 6, what is 2 - -111?
113
In base 7, what is 4 + -56?
-52
In base 8, what is -132 + 4?
-126
In base 7, what is -4 - 1616?
-1623
In base 15, what is 2 - 222?
-220
In base 6, what is -4543 - 13?
-5000
In base 4, what is -1003232 + -11?
-1003303
In base 8, what is 12 + -5?
5
In base 13, what is 86 + 2?
88
In base 9, what is 1 - -1016?
1017
In base 4, what is 33 + 12321?
13020
In base 14, what is -1 + -95?
-96
In base 4, what is 233 - -10?
303
In base 9, what is 10 - 7?
2
In base 13, what is 4 + 23?
27
In base 11, what is -1 - -a1?
a0
In base 15, what is -29 + -3?
-2c
In base 14, what is 9 - -1367?
1372
In base 11, what is 0 + -803?
-803
In base 7, what is 636 + -2?
634
In base 9, what is -23 + 16?
-6
In base 16, what is -37fb + -5?
-3800
In base 5, what is -134 + 2?
-132
In base 10, what is 0 - 2183?
-2183
In base 5, what is 0 - -20030?
20030
In base 13, what is 2279 - 1?
2278
In base 13, what is 1 + -9?
-8
In base 9, what is -3 + 26?
23
In base 9, what is -3338 - 5?
-3344
In base 6, what is -10000 + 1?
-5555
In base 2, what is 110 - -1101100101?
1101101011
In base 2, what is -101 - -100110001?
100101100
In base 4, what is -11302123 - -2?
-11302121
In base 2, what is -110 - -10011010?
10010100
In base 5, what is -3 + -403?
-411
In base 10, what is -85 - -2?
-83
In base 15, what is -8 + 1?
-7
In base 4, what is 10323 + -11?
10312
In base 12, what is 60 + -2?
5a
In base 2, what is 100 - 10010001110?
-10010001010
In base 2, what is -101000 + 101011?
11
In base 4, what is 3113 - 11?
3102
In base 10, what is -8839 - -5?
-8834
In base 6, what is 11 + 520?
531
In base 2, what is -1111 + 10?
-1101
In base 15, what is -4 - -a7?
a3
In base 2, what is 10 + -101110100001?
-101110011111
In base 10, what is 119 - 49?
70
In base 12, what is 1 - 27b?
-27a
In base 8, what is -5 - 470?
-475
In base 11, what is -88 + 5?
-83
In base 4, what is 233 - -112?
1011
In base 7, what is -101 - -4?
-64
In base 3, what is 22 - 222?
-200
In base 6, what is 0 + -333?
-333
In base 5, what is 401 + -1?
400
In base 5, what is 11 + 1213?
1224
In base 10, what is -4 + -75?
-79
In base 15, what is 2 - 412?
-410
In base 11, what is -61 - 4?
-65
In base 5, what is -23 - 12104?
-12132
In base 5, what is 211 - -103?
314
In base 7, w